NOAA-Style Climate Reports


Report for 2018 July
                   Monthly Climatological Summary for Jul 2018

Name: KensBackYard   City: Fremont   State: NH
Elevation: 161 ft  Lat: N 42° 57' 53"   Lon: W 071° 07' 04"

                  Temperature (°F), Rain (in), Wind Speed (mph)

                                      Heat  Cool        Avg
    Mean                              Deg   Deg         Wind                 Dom
Day Temp  High   Time   Low    Time   Days  Days  Rain  Speed High   Time    Dir
----------------------------------------------------------------------------------
 1  79.2  95.4   14:12  68.8   05:13   0.0   4.3  0.00   0.5  11.0   16:40   ESE
 2  74.8  85.0   12:41  65.4   05:22   0.3   1.6  0.00   0.9  10.0   13:18   ESE
 3  80.4  95.8   14:55  65.2   05:13   0.5   6.0  0.01   0.5  14.0   15:26   WSW
 4  79.1  93.2   15:24  64.5   05:30   0.4   5.3  0.00   0.3   9.0   14:10    SE
 5  80.7  93.2   14:54  64.3   05:24   0.6   6.3  0.00   1.1  15.0   23:24   WSW
 6  75.9  83.6   14:31  59.6   23:58   0.5   0.8  0.08   1.9  24.0   14:55     W
 7  65.0  79.5   15:37  48.0   05:46   6.1   0.0  0.00   0.7  10.0   10:33     W
 8  69.1  84.7   15:56  50.6   05:42   4.8   1.4  0.00   0.5   9.0   11:43    SW
 9  74.9  89.9   15:43  57.0   05:57   1.8   3.3  0.00   0.9  15.0   15:31   WSW
10  77.8  93.2   15:38  59.8   06:01   0.9   4.5  0.00   0.8  12.0   14:22     W
11  69.8  80.5   13:19  56.6   23:56   2.0   0.2  0.00   0.8  14.0   09:07     E
12  67.3  81.3   14:39  50.7   05:38   5.2   0.4  0.00   0.7   9.0   11:15    SE
13  68.1  84.1   13:53  53.7   05:23   4.3   0.7  0.00   0.9  13.0   15:37   ESE
14  67.3  77.9   12:58  56.9   00:33   3.3   0.0  0.00   0.7  10.0   13:02   ESE
15  70.0  83.9   14:47  62.1   01:23   2.0   0.6  0.04   0.5   9.0   11:21   ESE
16  72.1  87.4   14:27  60.9   04:02   2.0   1.8  0.00   0.7   9.0   15:30   ESE
17  71.5  88.4   11:34  66.2   04:45   0.3   1.0  1.91   0.5  16.0   12:00   WSW
18  70.4  79.8   15:47  55.4   23:55   1.5   0.2  0.00   1.0  17.0   15:56   WNW
19  66.1  81.3   15:08  49.3   05:41   6.2   0.4  0.00   0.4  10.0   14:44   WSW
20  67.8  85.0   14:08  50.5   05:17   5.8   1.2  0.00   0.6  10.0   14:46   ESE
----------------------------------------------------------------------------------
    72.4  95.8     3    48.0     7    48.5  40.0  2.04   0.7  24.0     6     SSW

Max >=  90.0:  5
Max <=  32.0:  0
Min <=  32.0:  0
Min <=   0.0:  0
Max Rain: 1.91 on day 17
Days of Rain: 1 (>= 0.20 in)  0 (>= 2.00 in)  0 (>= 20.00 in)
Heat Base: 68.0  Cool Base: 78.0  Method: Integration