NOAA-Style Climate Reports


Report for 2018 May
                   Monthly Climatological Summary for May 2018

Name: KensBackYard   City: Fremont   State: NH
Elevation: 161 ft  Lat: N 42° 57' 53"   Lon: W 071° 07' 04"

                  Temperature (°F), Rain (in), Wind Speed (mph)

                                      Heat  Cool        Avg
    Mean                              Deg   Deg         Wind                 Dom
Day Temp  High   Time   Low    Time   Days  Days  Rain  Speed High   Time    Dir
----------------------------------------------------------------------------------
 1  52.2  65.3   16:02  36.4   03:35  15.8   0.0  0.01   1.0  17.0   15:23     W
 2  69.7  90.0   15:44  44.3   05:50   6.4   3.4  0.00   1.8  24.0   14:29   WSW
 3  70.2  86.4   11:19  61.1   05:38   2.0   1.0  0.10   0.6  16.0   10:15   WSW
 4  69.2  76.6   20:50  60.4   05:54   1.7   0.0  0.00   1.4  27.0   22:52   SSE
 5  65.0  75.4   15:30  54.6   06:06   4.6   0.0  0.00   2.6  28.0   01:54     W
 6  58.7  65.6   09:13  53.1   23:56   9.3   0.0  0.20   0.3  10.0   09:16   WSW
 7  56.4  68.6   12:28  44.6   23:59  11.6   0.0  0.00   1.2  14.0   14:30   ESE
 8  56.5  73.5   15:59  42.7   01:14  12.4   0.0  0.00   1.0  15.0   14:39    SE
 9  56.4  73.0   11:51  41.0   05:47  12.2   0.0  0.00   1.2  13.0   16:19   ESE
10  57.6  70.8   14:19  47.0   07:04  10.5   0.0  0.00   1.3  15.0   18:53   SSW
11  59.2  68.1   15:08  43.7   23:59   8.8   0.0  0.00   2.1  21.0   08:40   WNW
12  45.4  52.9   11:20  35.4   04:49  22.6   0.0  0.03   0.5  12.0   12:19   ESE
13  48.6  64.1   15:23  38.0   00:49  19.6   0.0  0.00   0.6  11.0   18:02   SSE
14  59.8  75.5   15:32  47.0   00:00   9.5   0.0  0.00   0.7  13.0   16:07    SW
15  66.3  86.4   14:54  52.9   05:48   5.8   0.9  0.25   1.2  15.0   11:32   WSW
16  53.5  61.1   14:47  46.0   23:56  14.5   0.0  0.01   1.1  10.0   08:10     E
17  60.8  78.3   15:48  45.5   00:47   9.1   0.0  0.00   0.5  10.0   17:23    SE
18  54.7  62.5   14:43  38.2   23:54  13.3   0.0  0.00   1.2  14.0   08:26     E
19  47.6  61.0   11:14  34.5   04:48  20.4   0.0  0.26   0.9  11.0   10:49     E
20  64.3  78.5   12:33  49.5   00:00   6.4   0.0  0.01   1.2  19.0   11:14     W
21  63.1  79.4   15:46  45.8   05:52   7.7   0.0  0.00   0.9  14.0   14:25     W
22  57.2  69.0   11:15  46.6   05:22  10.9   0.0  0.04   0.1   6.0   19:39     S
23  67.6  83.8   15:02  52.1   04:59   5.0   0.8  0.00   1.3  18.0   16:49   WNW
----------------------------------------------------------------------------------
    59.1  90.0     2    34.5    19   240.1   6.1  0.91   1.1  28.0     5      SW

Max >=  90.0:  1
Max <=  32.0:  0
Min <=  32.0:  0
Min <=   0.0:  0
Max Rain: 0.26 on day 19
Days of Rain: 3 (>= 0.20 in)  0 (>= 2.00 in)  0 (>= 20.00 in)
Heat Base: 68.0  Cool Base: 78.0  Method: Integration