NOAA-Style Climate Reports


Report for 2018 November
                   Monthly Climatological Summary for Nov 2018

Name: KensBackYard   City: Fremont   State: NH
Elevation: 161 ft  Lat: N 42° 57' 53"   Lon: W 071° 07' 04"

                  Temperature (°F), Rain (in), Wind Speed (mph)

                                      Heat  Cool        Avg
    Mean                              Deg   Deg         Wind                 Dom
Day Temp  High   Time   Low    Time   Days  Days  Rain  Speed High   Time    Dir
----------------------------------------------------------------------------------
 1  46.9  51.3   13:33  42.1   03:50  21.1   0.0  0.03   0.0   6.0   21:02     E
 2  50.0  52.4   15:44  47.5   04:24  18.0   0.0  0.33   0.0   6.0   12:18     E
 3  50.0  55.5   14:22  42.9   23:33  18.2   0.0  1.46   2.3  26.0   16:24     W
 4  40.1  52.1   12:46  30.6   23:28  29.0   0.0  0.00   0.8  17.0   09:40   WNW
 5  36.3  41.6   13:43  30.4   00:33  32.4   0.0  0.30   0.3   8.0   09:53   ENE
 6  46.3  51.6   21:32  41.1   00:00  21.7   0.0  0.42   0.3   8.0   02:43     E
 7  50.1  62.5   14:08  39.2   23:02  17.9   0.0  0.01   1.1  19.0   10:29   WSW
 8  42.1  54.9   12:33  30.4   23:57  25.9   0.0  0.00   1.0  17.0   13:16     W
 9  38.8  47.1   12:05  26.7   06:38  29.2   0.0  0.71   0.9  12.0   21:43     E
10  40.8  47.3   12:31  33.5   23:26  27.2   0.0  0.36   2.4  24.0   15:48     W
11  33.1  44.0   13:47  23.9   22:49  34.8   0.0  0.00   1.4  18.0   14:19   WNW
12  33.7  48.1   14:16  20.6   06:45  34.3   0.0  0.00   0.4  13.0   12:49   WSW
13  40.8  48.7   12:30  35.8   00:00  27.6   0.0  1.17   1.0  17.0   18:06   WNW
14  28.3  35.9   00:00  18.8   23:58  39.7   0.0  0.00   2.8  31.0   09:58   WNW
15  24.2  30.2   12:44  17.6   04:04  43.7   0.0  0.00   0.4   9.0   01:08     W
16  31.9  36.7   07:44  26.9   00:00  36.1   0.0  0.36   1.6  15.0   07:09    NE
17  35.5  45.8   11:08  25.8   05:23  32.5   0.0  0.41   0.6  16.0   11:30   WSW
----------------------------------------------------------------------------------
    39.3  62.5     7    17.6    15   489.3   0.0  5.56   1.0  31.0    14     WNW

Max >=  90.0:  0
Max <=  32.0:  1
Min <=  32.0: 10
Min <=   0.0:  0
Max Rain: 1.46 on day 3
Days of Rain: 9 (>= 0.20 in)  0 (>= 2.00 in)  0 (>= 20.00 in)
Heat Base: 68.0  Cool Base: 78.0  Method: Integration