NOAA-Style Climate Reports


Report for 2016 April
                   Monthly Climatological Summary for Apr 2016

Name: KensBackYard   City: Fremont   State: NH
Elevation: 161 ft  Lat: N 42° 57' 53"   Lon: W 071° 07' 04"

                  Temperature (°F), Rain (in), Wind Speed (mph)

                                      Heat  Cool        Avg
    Mean                              Deg   Deg         Wind                 Dom
Day Temp  High   Time   Low    Time   Days  Days  Rain  Speed High   Time    Dir
----------------------------------------------------------------------------------
 1  64.7  74.4   15:57  51.7   23:59   3.8   0.0  0.26   1.9  19.0   11:31   SSW
 2  46.5  51.7   00:00  37.3   23:56  21.5   0.0  0.15   0.3  11.0   19:13    SW
 3  32.9  38.6   13:54  25.6   23:54  35.1   0.0  0.11   1.4  21.0   13:27   WSW
 4  23.5  26.1   17:27  18.7   04:34  44.5   0.0  0.00   0.4  12.0   14:39    NE
 5  27.3  38.2   15:35  15.0   04:57  40.7   0.0  0.21   0.9  16.0   14:52    NW
 6  32.6  43.9   15:16  16.3   06:25  35.4   0.0  0.00   0.8  14.0   15:14   SSW
 7  47.9  55.6   10:37  37.2   05:35  20.1   0.0  1.16   1.0  15.0   09:59   ESE
 8  46.1  51.9   00:00  34.6   23:56  21.9   0.0  0.00   1.3  15.0   09:12    SW
 9  38.8  49.9   14:41  26.8   05:36  29.2   0.0  0.00   0.8  12.0   23:34   WNW
10  36.9  48.4   15:19  28.9   06:26  31.1   0.0  0.00   1.2  16.0   03:07     W
11  47.1  59.8   14:11  31.9   00:00  20.9   0.0  0.06   0.9  16.0   11:35    SW
12  50.1  58.2   08:54  32.8   23:59  17.9   0.0  0.18   0.7  18.0   19:27   WSW
13  41.1  56.2   15:21  28.7   05:53  26.9   0.0  0.00   0.9  11.0   16:27   ENE
14  41.3  57.7   15:13  28.9   06:21  26.7   0.0  0.00   0.9  12.0   13:15   ENE
15  43.4  61.3   16:00  26.7   06:13  24.5   0.0  0.00   1.0  16.0   08:20   ENE
16  45.0  62.0   15:41  30.6   02:24  23.0   0.0  0.00   1.1  15.0   09:15   ENE
17  48.8  72.1   16:12  28.7   06:01  19.4   0.0  0.00   0.6   9.0   16:49   ENE
18  51.2  69.5   11:43  33.5   05:08  16.8   0.0  0.00   0.9  12.0   16:00     E
19  49.3  62.2   15:53  39.2   23:58  18.7   0.0  0.01   0.9  13.0   16:38     N
20  46.8  60.9   15:51  31.2   05:52  21.2   0.0  0.00   0.9  11.0   12:30   ENE
21  55.2  79.1   15:48  29.7   06:06  15.1   0.0  0.00   0.7  11.0   10:38    SW
22  62.2  76.7   16:17  50.5   00:32   6.9   0.0  0.01   0.2  11.0   16:23   SSE
23  58.6  67.9   15:06  45.3   23:59   9.4   0.0  0.02   0.9  19.0   20:31     W
24  45.9  60.3   15:49  29.1   06:07  22.1   0.0  0.00   0.8  12.0   09:20     W
25  48.0  62.9   14:33  28.8   05:33  20.0   0.0  0.00   0.6  10.0   13:48    SW
26  39.2  50.8   01:02  31.6   22:35  28.8   0.0  0.33   0.5   8.0   06:43    NE
27  45.3  61.8   15:18  29.3   05:25  22.7   0.0  0.01   0.7  11.0   12:28   WSW
28  45.4  60.9   15:37  27.6   06:06  22.6   0.0  0.00   0.8  13.0   09:53     N
29  45.6  56.3   15:19  36.1   01:28  22.4   0.0  0.00   1.0  11.0   12:54   ENE
30  48.4  63.1   12:36  31.8   06:01  19.6   0.0  0.00   0.8  16.0   13:53     E
----------------------------------------------------------------------------------
    45.2  79.1    21    15.0     5   688.9   0.0  2.51   0.9  21.0     3     WSW

Max >=  90.0:  0
Max <=  32.0:  1
Min <=  32.0: 20
Min <=   0.0:  0
Max Rain: 1.16 on day 7
Days of Rain: 4 (>= 0.20 in)  0 (>= 2.00 in)  0 (>= 20.00 in)
Heat Base: 68.0  Cool Base: 78.0  Method: Integration