NOAA-Style Climate Reports


Report for 2019 February
                   Monthly Climatological Summary for Feb 2019

Name: KensBackYard   City: Fremont   State: NH
Elevation: 161 ft  Lat: N 42° 57' 53"   Lon: W 071° 07' 04"

                  Temperature (°F), Rain (in), Wind Speed (mph)

                                      Heat  Cool        Avg
    Mean                              Deg   Deg         Wind                 Dom
Day Temp  High   Time   Low    Time   Days  Days  Rain  Speed High   Time    Dir
----------------------------------------------------------------------------------
 1  10.1  22.0   14:31   0.3   06:33  57.9   0.0  0.00   1.6  18.0   11:13   WSW
 2  15.3  30.5   15:43  -5.7   06:53  52.7   0.0  0.01   1.2  16.0   13:43   WSW
 3  25.5  34.7   23:26  12.0   06:31  42.5   0.0  0.03   0.1   7.0   23:33   SSW
 4  40.4  62.0   14:52  29.0   06:51  27.6   0.0  0.07   0.6  15.0   12:39   WSW
 5  45.6  62.8   13:40  31.8   00:00  22.4   0.0  0.00   1.5  16.0   13:15     W
 6  32.1  38.4   13:15  25.6   07:12  35.9   0.0  0.37   1.0  11.0   00:22   ESE
 7  33.7  37.0   14:54  32.0   04:33  34.3   0.0  0.12   0.2   7.0   14:46     E
 8  36.8  50.6   14:02  27.4   23:59  31.2   0.0  0.12   2.1  30.0   16:53     W
 9  25.2  32.9   13:51  17.1   23:40  42.8   0.0  0.00   3.3  33.0   05:49   WNW
10  24.5  34.3   14:25  15.8   05:55  43.9   0.0  0.00   0.9  16.0   11:48     W
11  26.1  33.4   13:50  18.2   23:56  41.7   0.0  0.00   2.0  16.0   03:07   WNW
12  17.6  23.2   23:59   9.4   06:29  50.4   0.0  0.00   0.8   9.0   00:30     E
13  33.2  38.4   13:38  23.1   00:00  34.8   0.0  0.76   1.5  24.0   22:52    NW
14  29.3  38.8   13:53  20.8   22:44  38.7   0.0  0.11   1.9  21.0   12:27     W
15  30.8  38.8   12:45  19.8   04:57  37.2   0.0  0.08   0.3  12.0   09:57    SE
16  34.0  40.8   14:29  23.2   23:58  34.2   0.0  0.00   1.4  18.0   23:14   WNW
17  25.2  34.9   15:25  17.1   06:38  42.8   0.0  0.00   0.9  15.0   01:00   WNW
18  24.1  26.3   01:42  15.0   23:59  44.0   0.0  0.00   0.8  16.0   23:05   NNW
19  19.4  31.0   14:16   9.8   23:56  48.8   0.0  0.07   2.2  19.0   01:42   WNW
20  19.0  28.6   14:40   2.7   04:56  49.0   0.0  0.00   0.6  10.0   09:12     W
21  32.3  44.7   15:59  22.8   01:57  36.1   0.0  0.46   0.9  19.0   16:07     W
22  34.9  44.1   14:25  27.7   21:08  33.1   0.0  0.03   1.3  21.0   08:23    NW
23  30.1  39.8   13:44  18.1   06:45  38.1   0.0  0.00   0.4   9.0   12:06     W
24  33.8  39.2   16:00  26.0   00:00  34.6   0.0  0.62   1.0  19.0   11:10     E
25  32.4  36.2   03:23  26.2   23:53  35.6   0.0  0.00   4.8  31.0   08:47     W
26  20.0  26.3   13:09  11.3   23:58  48.0   0.0  0.00   4.0  33.0   00:48   WNW
27  13.2  20.1   14:34   5.2   06:36  54.8   0.0  0.00   1.9  17.0   00:37   WNW
28  18.3  30.5   15:08   8.3   23:59  49.7   0.0  0.09   0.6  10.0   11:34   WNW
----------------------------------------------------------------------------------
    27.2  62.8     5    -5.7     2  1142.8   0.0  2.94   1.5  33.0     9     WNW

Max >=  90.0:  0
Max <=  32.0:  9
Min <=  32.0: 28
Min <=   0.0:  1
Max Rain: 0.76 on day 13
Days of Rain: 4 (>= 0.20 in)  0 (>= 2.00 in)  0 (>= 20.00 in)
Heat Base: 68.0  Cool Base: 78.0  Method: Integration