NOAA-Style Climate Reports


Report for 2019 April
                   Monthly Climatological Summary for Apr 2019

Name: KensBackYard   City: Fremont   State: NH
Elevation: 161 ft  Lat: N 42° 57' 53"   Lon: W 071° 07' 04"

                  Temperature (°F), Rain (in), Wind Speed (mph)

                                      Heat  Cool        Avg
    Mean                              Deg   Deg         Wind                 Dom
Day Temp  High   Time   Low    Time   Days  Days  Rain  Speed High   Time    Dir
----------------------------------------------------------------------------------
 1  35.3  43.1   12:17  23.9   23:52  32.7   0.0  0.00   2.7  26.0   12:36   WNW
 2  37.2  53.8   15:28  19.1   06:07  30.8   0.0  0.00   1.5  17.0   16:13   SSW
 3  44.9  63.0   15:22  35.5   06:54  23.1   0.0  0.08   2.9  32.0   20:07   WNW
 4  40.6  49.0   14:26  32.3   23:56  27.4   0.0  0.00   3.4  25.0   00:17   WNW
 5  37.8  48.7   14:19  27.2   05:08  30.3   0.0  0.05   1.4  11.0   13:52   WSW
 6  46.1  64.0   13:58  33.6   02:27  21.9   0.0  0.09   1.2  16.0   14:41     W
 7  50.5  68.2   15:16  32.2   06:53  17.5   0.0  0.00   0.9  13.0   15:56   WSW
 8  37.7  48.9   00:00  32.9   23:31  30.3   0.0  0.32   1.8  15.0   07:33   ENE
 9  33.5  37.3   15:00  31.1   05:57  34.5   0.0  0.10   0.8  10.0   15:29     E
10  36.3  43.3   12:32  28.6   23:55  31.7   0.0  0.08   1.9  24.0   16:46    NW
11  38.9  53.9   15:25  26.6   05:09  29.1   0.0  0.00   1.1  15.0   08:43   WNW
12  41.9  51.6   16:13  28.4   01:43  26.1   0.0  0.01   0.5  11.0   16:24   SSW
13  61.8  76.1   15:41  45.7   00:46   7.4   0.0  0.13   2.1  21.0   15:48   WSW
14  54.3  70.0   13:56  43.9   04:22  13.8   0.0  0.10   1.0  12.0   14:53   ESE
15  47.9  62.0   14:50  41.7   23:59  20.1   0.0  0.73   1.6  25.0   21:02     W
16  46.2  58.0   15:32  38.0   23:58  21.7   0.0  0.02   3.8  35.0   14:44   WNW
17  46.7  62.5   16:09  29.7   06:12  21.3   0.0  0.00   1.0  15.0   15:57   WNW
18  40.5  49.3   15:56  28.6   05:46  27.5   0.0  0.02   0.6  15.0   14:36    SE
19  61.9  76.8   13:44  39.9   06:08   8.7   0.0  0.00   2.9  24.0   12:52    SW
20  67.4  71.8   15:25  63.0   23:02   1.2   0.0  0.18   2.2  25.0   06:06   SSW
21  62.1  68.9   16:02  54.8   23:58   5.9   0.0  0.05   0.9  12.0   02:24    SE
22  55.1  66.7   13:05  47.5   05:42  13.1   0.0  0.03   1.3  16.0   13:21     E
23  50.7  57.5   15:18  43.0   23:49  17.3   0.0  0.03   1.7  14.0   00:19     E
24  50.7  66.3   15:01  42.8   00:13  17.3   0.0  0.04   1.1  14.0   16:39    NW
25  49.4  63.5   14:26  36.7   06:20  18.6   0.0  0.09   1.0  13.0   14:56    SE
26  42.8  45.8   09:12  38.6   03:49  25.2   0.0  0.83   1.8  19.0   17:00     E
27  45.4  52.3   15:32  41.6   22:55  22.6   0.0  0.61   2.4  28.0   14:20     W
28  46.6  57.6   13:56  35.6   06:13  21.4   0.0  0.03   1.3  14.0   14:07   WSW
29  46.2  58.4   14:33  31.1   05:55  21.8   0.0  0.01   1.2  18.0   09:03   WNW
30  44.0  51.2   16:13  36.7   23:59  24.2   0.0  0.08   0.4  13.0   16:34   WNW
----------------------------------------------------------------------------------
    46.7  76.8    19    19.1     2   644.5   0.0  3.71   1.6  35.0    16       W

Max >=  90.0:  0
Max <=  32.0:  0
Min <=  32.0: 10
Min <=   0.0:  0
Max Rain: 0.83 on day 26
Days of Rain: 4 (>= 0.20 in)  0 (>= 2.00 in)  0 (>= 20.00 in)
Heat Base: 68.0  Cool Base: 78.0  Method: Integration