NOAA-Style Climate Reports


Report for 2019 June
                   Monthly Climatological Summary for Jun 2019

Name: KensBackYard   City: Fremont   State: NH
Elevation: 161 ft  Lat: N 42° 57' 53"   Lon: W 071° 07' 04"

                  Temperature (°F), Rain (in), Wind Speed (mph)

                                      Heat  Cool        Avg
    Mean                              Deg   Deg         Wind                 Dom
Day Temp  High   Time   Low    Time   Days  Days  Rain  Speed High   Time    Dir
----------------------------------------------------------------------------------
 1  57.7  72.5   15:24  45.9   05:06  10.9   0.0  0.00   0.8  13.0   16:51   ESE
 2  56.4  69.6   15:39  51.8   04:42  11.7   0.0  0.45   0.6  12.0   15:45   ESE
 3  58.6  68.8   13:40  47.2   05:51   9.4   0.0  0.01   1.9  21.0   13:05     W
 4  56.9  68.9   15:18  39.2   05:36  11.1   0.0  0.00   1.1  17.0   11:46     W
 5  61.0  79.8   13:11  51.2   05:23   8.3   0.1  0.11   0.5   9.0   12:18   ESE
 6  63.9  78.1   15:00  56.6   01:51   5.5   0.0  0.97   0.5  10.0   16:13   ESE
 7  66.0  82.1   16:01  48.5   05:42   6.0   0.4  0.00   0.6  10.0   13:31   WSW
 8  65.5  81.0   15:49  49.0   05:35   6.2   0.3  0.00   0.6  11.0   12:31   WSW
 9  65.0  81.6   15:48  46.8   05:43   6.7   0.4  0.00   0.6  10.0   22:35     S
10  68.2  80.7   14:27  51.7   05:27   3.6   0.2  0.00   1.0   9.0   07:52    SE
11  66.4  74.4   15:38  55.6   23:59   2.9   0.0  0.49   1.1  25.0   15:55   WNW
12  63.3  78.0   15:37  46.9   04:59   7.1   0.0  0.00   0.7  10.0   17:07    SW
13  53.1  58.3   00:29  50.3   05:39  14.9   0.0  0.39   0.6  14.0   11:46     E
14  60.0  72.1   15:35  49.6   01:32   8.5   0.0  0.00   1.4  20.0   16:44     W
15  66.3  81.3   14:58  46.7   04:56   6.3   0.4  0.00   1.6  20.0   17:43   WSW
16  65.7  70.9   00:00  61.6   04:05   2.4   0.0  0.30   0.2   8.0   13:16   WSW
17  69.1  80.0   15:46  60.3   23:57   2.4   0.1  0.06   0.6  11.0   16:09   WSW
18  64.7  71.1   15:53  58.2   02:14   4.0   0.0  0.01   0.2   7.0   08:10   ESE
19  67.2  76.8   16:24  61.2   05:11   2.8   0.0  0.00   0.4  11.0   18:44   ESE
20  63.0  65.2   08:20  60.0   23:46   5.0   0.0  0.27   0.1   6.0   09:56   ESE
21  63.7  71.8   13:02  59.3   01:05   4.6   0.0  0.05   0.5  13.0   14:19   WNW
22  67.9  79.5   15:29  56.5   03:11   3.9   0.1  0.00   1.5  25.0   17:03   WNW
23  69.5  84.1   15:30  54.2   04:55   4.2   1.2  0.00   1.2  20.0   12:02   WNW
24  68.6  84.1   14:32  53.9   05:37   4.6   1.1  0.00   0.7  13.0   13:42     W
25  62.4  68.6   11:04  51.4   05:33   5.6   0.0  0.24   0.3   6.0   10:49   ESE
26  69.2  82.4   15:42  61.2   21:43   1.7   0.3  0.00   0.6  10.0   17:12   ESE
27  68.4  82.7   14:46  58.2   05:35   3.2   0.4  0.00   0.7  10.0   13:47   ESE
28  73.5  89.5   16:03  56.0   05:12   3.1   3.2  0.00   0.5  11.0   15:31     W
29  72.4  82.8   15:10  64.6   23:58   0.2   0.4  0.57   0.3  25.0   23:43     W
30  65.0  76.2   13:09  58.3   23:50   3.8   0.0  0.14   0.4  12.0   13:58   WNW
----------------------------------------------------------------------------------
    64.6  89.5    28    39.2     4   170.6   8.6  4.06   0.7  25.0    11     WSW

Max >=  90.0:  0
Max <=  32.0:  0
Min <=  32.0:  0
Min <=   0.0:  0
Max Rain: 0.97 on day 6
Days of Rain: 8 (>= 0.20 in)  0 (>= 2.00 in)  0 (>= 20.00 in)
Heat Base: 68.0  Cool Base: 78.0  Method: Integration