NOAA-Style Climate Reports


Report for 2019 July
                   Monthly Climatological Summary for Jul 2019

Name: KensBackYard   City: Fremont   State: NH
Elevation: 161 ft  Lat: N 42° 57' 53"   Lon: W 071° 07' 04"

                  Temperature (°F), Rain (in), Wind Speed (mph)

                                      Heat  Cool        Avg
    Mean                              Deg   Deg         Wind                 Dom
Day Temp  High   Time   Low    Time   Days  Days  Rain  Speed High   Time    Dir
----------------------------------------------------------------------------------
 1  70.1  84.6   15:34  57.0   01:10   3.4   1.0  0.01   0.6  10.0   10:05     W
 2  73.4  87.3   16:08  61.5   05:11   1.8   2.3  0.00   0.7  10.0   11:48     W
 3  75.8  89.5   15:04  60.1   05:33   1.5   3.5  0.00   0.4   8.0   08:58     W
 4  76.1  89.5   14:57  62.4   05:31   1.2   3.8  0.00   0.1   5.0   10:53   SSW
 5  76.6  90.8   15:51  60.6   05:19   1.8   4.3  0.00   0.8  14.0   12:49   WSW
 6  77.3  91.5   14:14  70.6   23:59   0.0   2.7  0.92   0.9  15.0   12:26   WSW
 7  71.4  82.2   16:12  59.1   23:54   1.1   0.5  0.01   0.5   8.0   07:36   ENE
 8  68.1  83.1   15:42  51.8   05:26   4.8   0.7  0.00   0.5  11.0   14:23    SW
 9  71.1  87.5   15:24  54.3   05:27   3.8   2.2  0.00   0.5  10.0   10:48     W
10  72.1  89.3   14:44  57.9   05:28   2.9   2.3  0.00   0.4   9.0   15:36   SSW
11  69.3  84.1   13:02  60.1   03:32   2.3   0.7  0.88   0.4  14.0   15:51    SE
12  73.1  84.1   14:04  67.5   00:00   0.0   0.8  0.30   0.2  11.0   14:04     E
13  74.1  86.3   16:06  63.3   04:28   0.8   1.8  0.01   0.4   9.0   09:48     W
14  75.1  86.8   13:31  63.6   23:57   0.6   2.3  0.00   0.5  12.0   15:46   WNW
15  70.5  83.3   16:03  59.6   02:43   2.6   0.8  0.00   1.0  13.0   11:42     W
16  71.6  84.8   14:08  56.6   05:39   2.9   1.2  0.00   0.3   9.0   10:54   WSW
17  75.6  86.4   15:26  69.2   05:10   0.0   1.2  0.08   0.4  12.0   11:03     W
18  70.4  77.3   13:22  60.2   23:53   0.8   0.0  0.01   1.0  12.0   10:51   ESE
19  75.4  90.6   16:05  58.7   02:18   2.2   3.5  0.00   0.8  12.0   12:50   WSW
20  83.8  95.0   15:49  72.4   05:10   0.0   6.8  0.00   0.4   9.0   09:20     W
21  83.2  94.9   14:00  73.0   23:57   0.0   5.7  0.00   1.0  17.0   13:19     W
22  70.3  79.0   11:19  63.6   23:50   1.0   0.0  0.45   0.1   8.0   16:11   ENE
23  63.9  70.4   17:38  60.3   11:45   4.3   0.0  0.69   0.4  11.0   09:36   ENE
24  69.1  81.3   13:45  59.5   23:58   3.0   0.3  0.00   0.4   9.0   16:59    SE
25  67.6  81.2   13:44  55.5   05:49   4.4   0.2  0.00   0.4   9.0   14:13   ESE
26  71.1  86.7   15:30  56.6   05:42   3.4   1.7  0.00   0.4   9.0   17:33    SE
27  71.1  85.7   15:06  58.9   05:19   2.8   1.5  0.00   0.6  11.0   17:32   SSE
28  75.0  89.9   16:03  59.0   05:49   2.3   3.4  0.00   0.7  14.0   17:03   WSW
29  77.9  90.1   14:55  66.5   06:15   0.1   3.4  0.00   0.5  11.0   16:03   WSW
30  79.2  93.6   15:35  65.3   06:00   0.3   5.2  0.00   0.5  10.0   13:15   WSW
31  74.6  90.4   14:48  66.3   05:54   0.1   2.1  0.11   0.4  18.0   15:05     W
----------------------------------------------------------------------------------
    73.4  95.0    20    51.8     8    56.2  65.9  3.47   0.5  18.0    31     WSW

Max >=  90.0:  8
Max <=  32.0:  0
Min <=  32.0:  0
Min <=   0.0:  0
Max Rain: 0.92 on day 6
Days of Rain: 5 (>= 0.20 in)  0 (>= 2.00 in)  0 (>= 20.00 in)
Heat Base: 68.0  Cool Base: 78.0  Method: Integration